ivided by 248.
49
What is the remainder when 6157 is divided by 2051?
4
What is the remainder when 270 is divided by 101?
68
What is the remainder when 116 is divided by 110?
6
What is the remainder when 289 is divided by 14?
9
What is the remainder when 126 is divided by 12?
6
What is the remainder when 505 is divided by 401?
104
Calculate the remainder when 150 is divided by 41.
27
What is the remainder when 594 is divided by 50?
44
What is the remainder when 560 is divided by 26?
14
Calculate the remainder when 573 is divided by 82.
81
Calculate the remainder when 39 is divided by 26.
13
What is the remainder when 73 is divided by 10?
3
What is the remainder when 3202 is divided by 22?
12
Calculate the remainder when 736 is divided by 180.
16
Calculate the remainder when 138 is divided by 37.
27
What is the remainder when 399 is divided by 36?
3
What is the remainder when 949 is divided by 8?
5
Calculate the remainder when 177 is divided by 50.
27
Calculate the remainder when 65 is divided by 27.
11
What is the remainder when 112 is divided by 17?
10
Calculate the remainder when 2267 is divided by 162.
161
What is the remainder when 247 is divided by 63?
58
What is the remainder when 39 is divided by 15?
9
Calculate the remainder when 397 is divided by 50.
47
Calculate the remainder when 241 is divided by 41.
36
What is the remainder when 14300 is divided by 349?
340
Calculate the remainder when 970 is divided by 65.
60
Calculate the remainder when 74 is divided by 41.
33
What is the remainder when 150 is divided by 31?
26
Calculate the remainder when 376 is divided by 6.
4
Calculate the remainder when 6658 is divided by 9.
7
Calculate the remainder when 1403 is divided by 16.
11
What is the remainder when 271 is divided by 37?
12
Calculate the remainder when 222 is divided by 23.
15
Calculate the remainder when 12347 is divided by 26.
23
What is the remainder when 458 is divided by 149?
11
Calculate the remainder when 120 is divided by 44.
32
What is the remainder when 764 is divided by 102?
50
What is the remainder when 74 is divided by 15?
14
Calculate the remainder when 68 is divided by 17.
0
Calculate the remainder when 491 is divided by 83.
76
Calculate the remainder when 838 is divided by 207.
10
Calculate the remainder when 1116 is divided by 157.
17
Calculate the remainder when 237 is divided by 48.
45
Calculate the remainder when 61 is divided by 58.
3
What is the remainder when 1001 is divided by 127?
112
What is the remainder when 48 is divided by 20?
8
What is the remainder when 1098 is divided by 44?
42
What is the remainder when 1340 is divided by 97?
79
Calculate the remainder when 35 is divided by 23.
12
What is the remainder when 2959 is divided by 8?
7
Calculate the remainder when 243 is divided by 49.
47
What is the remainder when 60 is divided by 7?
4
Calculate the remainder when 152 is divided by 12.
8
Calculate the remainder when 517 is divided by 92.
57
What is the remainder when 1076 is divided by 23?
18
Calculate the remainder when 453 is divided by 104.
37
What is the remainder when 18 is divided by 8?
2
What is the remainder when 1059 is divided by 53?
52
What is the remainder when 54 is divided by 11?
10
Calculate the remainder when 125 is divided by 15.
5
What is the remainder when 222 is divided by 86?
50
What is the remainder when 527 is divided by 171?
14
Calculate the remainder when 90 is divided by 7.
6
Calculate the remainder when 4090 is divided by 20.
10
What is the remainder when 2750 is divided by 53?
47
Calculate the remainder when 98 is divided by 6.
2
Calculate the remainder when 74 is divided by 33.
8
Calculate the remainder when 115 is divided by 31.
22
Calculate the remainder when 111 is divided by 19.
16
What is the remainder when 57 is divided by 35?
22
What is the remainder when 2961 is divided by 39?
36
Calculate the remainder when 13 is divided by 7.
6
Calculate the remainder when 52 is divided by 3.
1
Calculate the remainder when 12 is divided by 11.
1
Calculate the remainder when 649 is divided by 142.
81
Calculate the remainder when 468 is divided by 235.
233
What is the remainder when 358 is divided by 19?
16
What is the remainder when 59 is divided by 20?
19
Calculate the remainder when 220 is divided by 13.
12
Calculate the remainder when 2308 is divided by 213.
178
What is the remainder when 537 is divided by 152?
81
Calculate the remainder when 18145 is divided by 75.
70
Calculate the remainder when 86 is divided by 32.
22
Calculate the remainder when 137 is divided by 14.
11
What is the remainder when 6790 is divided by 3?
1
Calculate the remainder when 165 is divided by 83.
82
What is the remainder when 946 is divided by 938?
8
What is the remainder when 1221 is divided by 72?
69
Calculate the remainder when 6393 is divided by 32.
25
Calculate the remainder when 3863 is divided by 1927.
9
What is the remainder when 2710 is divided by 23?
19
What is the remainder when 828 is divided by 83?
81
What is the remainder when 17916 is divided by 58?
52
What is the remainder when 429 is divided by 6?
3
Calculate the remainder when 340 is divided by 72.
52
What is the remainder when 219 is divided by 25?
19
What is the remainder when 268 is divided by 51?
13
What is the remainder when 37 is divided by 24?
13
What is the remainder when 7357 is divided by 817?
4
What is the remainder when 180 is divided by 32?
20
Calculate the remainder when 1230 is divided by 177.
168
What is the remainder when 1714 is divided by 39?
37
Calculate the remainder when 2636 is divided by 30.
26
What is the remainder when 4688 is divided by 67?
65
Calculate the remainder when 2706 is divided by 63.
60
What is the remainder when 3703 is divided by 13?
11
Calculate the remainder when 513 is divided by 162.
27
What is the remainder when 134 is divided by 34?
32
What is the remainder when 614 is divided by 171?
101
Calculate the remainder when 175 is divided by 46.
37
What is the remainder when 483 is divided by 81?
78
Calculate the remainder when 1231 is divided by 255.
211
What is the remainder when 307 is divided by 28?
27
Calculate the remainder when 343 is divided by 135.
73
What is the remainder when 731 is divided by 8?
3
What is the remainder when 101 is divided by 28?
17
Calculate the remainder when 385 is divided by 15.
10
Calculate the remainder when 89 is divided by 9.
8
What is the remainder when 4320 is divided by 111?
102
Calculate the remainder when 235 is divided by 51.
31
What is the remainder when 163 is divided by 24?
19
Calculate the remainder when 116 is divided by 26.
12
What is the remainder when 476 is divided by 105?
56
What is the remainder when 2911 is divided by 47?
44
Calculate the remainder when 165 is divided by 43.
36
What is the remainder when 177 is divided by 58?
3
What is the remainder when 106 is divided by 76?
30
Calculate the remainder when 224 is divided by 114.
110
Calculate the remainder when 1975 is divided by 51.
37
What is the remainder when 25 is divided by 24?
1
What is the remainder when 36 is divided by 34?
2
What is the remainder when 47 is divided by 27?
20
Calculate the remainder when 233 is divided by 78.
77
What is the remainder when 859 is divided by 283?
10
Calculate the remainder when 55 is divided by 7.
6
Calculate the remainder when 149 is divided by 19.
16
What is the remainder when 123 is divided by 10?
3
What is the remainder when 3738 is divided by 27?
12
What is the remainder when 115 is divided by 60?
55
Calculate the remainder when 1775 is divided by 198.
191
What is the remainder when 383 is divided by 38?
3
Calculate the remainder when 552 is divided by 270.
12
What is the remainder when 69 is divided by 21?
6
Calculate the remainder when 1069 is divided by 132.
13
What is the remainder when 45 is divided by 41?
4
What is the remainder when 116 is divided by 87?
29
Calculate the remainder when 312 is divided by 105.
102
What is the remainder when 93 is divided by 24?
21
What is the remainder when 2291 is divided by 23?
14
What is the remainder when 609 is divided by 10?
9
Calculate the remainder when 938 is divided by 43.
35
What is the remainder when 78 is divided by 25?
3
Calculate the remainder when 735 is divided by 235.
30
What is the rema